 of 49/42 - 4051861/(-66)?
1
Let l = -42 + 51. Let j(t) = -5*t**2 - 21*t - 27. Let k(s) = -2*s**2 - 7*s - 9. Let b(d) = 4*j(d) - 11*k(d). What is the units digit of b(l)?
0
Let v = 139 - -110. Suppose v*t - 241*t = 256. What is the units digit of t?
2
Suppose -i - 2*i = -36. Let p = 10 + i. What is the tens digit of ((-11)/p)/(1/(-366))?
8
What is the ten thousands digit of (-12)/216*211884*(-6)/4?
1
Let s(i) = i**3 + 29*i**2 + 61*i + 83. What is the hundreds digit of s(30)?
0
Suppose 30 = 49*w - 39*w. Suppose 4*i + 41 = -w*u + 630, -4*i - 581 = -3*u. What is the hundreds digit of u?
1
Let i(r) = 41*r + 197. Suppose 4*f - 57 = 4*o - 37, 3*f - 20 = 4*o. What is the tens digit of i(f)?
9
Let r = -36909 - -66981. What is the ten thousands digit of r?
3
Let v be (-5)/((-45)/33) + 4/12. Let o be v + 2/4*(13 + -11). Suppose o*s - 164 = 4*s. What is the hundreds digit of s?
1
Let a = 5 + 70. Suppose -2*w = -3*m - 5*w + 831, -3*m - 5*w = -837. Let q = m - a. What is the hundreds digit of q?
1
Suppose 7*a = 4*a - 51. Let c = a + 357. What is the tens digit of c?
4
What is the units digit of (-290750)/(-100) - (1/2)/(-1)?
8
Let p(z) = -74*z - 79. Let b(f) = -15*f - 16. Let x(q) = -22*b(q) + 4*p(q). What is the units digit of x(4)?
2
Let l = -551 - -559. Suppose -l*o + 15731 = 5691. What is the hundreds digit of o?
2
Suppose -2*y = 5*d - 254, 4*y + d = 242 + 284. Let a = y + 1427. What is the units digit of a?
9
Suppose -3 = o - 6*o - 4*m, -3*o + 3*m = -18. Let q(d) = 2*d + o + d - d**2 + 6*d - 1. What is the tens digit of q(6)?
2
Let k(j) = 178*j + 47. Let m(n) = 3*n**2 + 16*n + 10. Let a be m(-5). What is the tens digit of k(a)?
3
Let a(d) = 2*d + 1. Let z(m) = 7*m**2 - 21. Let w(y) = 5*a(y) + z(y). What is the tens digit of w(5)?
0
Let v(q) = 3*q**3 - 23*q**2 - 2*q - 15. Let n be v(8). Suppose -g - 40416 = -n*g. What is the units digit of g?
3
Let g be ((-158840)/33)/(-4) + 4/6. Suppose -x - w = -301, -g = -3*x - x - 2*w. What is the hundreds digit of x?
3
Let j be 2/(0 + (-1)/2 + 1). Let i(k) = 13*k - 20. Let p be i(j). Suppose -2*z - 4*m + 246 = p, 107 = z - 5*m. What is the units digit of z?
7
Suppose 112*f - 40*f + 208887 = 1961655. What is the tens digit of f?
4
Suppose -4*h + 48 = -10*h. What is the hundreds digit of (2/(-3)*(-4764)/h)/(-1)?
3
Suppose -5*i + 3*v + 6243 = 0, 0 = -5*i + v - 2*v + 6239. Let q = i + -238. What is the thousands digit of q?
1
Suppose -9*i + 10 = -8. Suppose -i*r + 308 = 86. What is the hundreds digit of r?
1
Let z(t) = -4*t**2 - 4*t - 3. Let r be z(-1). What is the units digit of 112/(-84) + ((-3304)/r - 1)?
9
Suppose -5*t + 91956 = 2*m, -5*t - 105*m = -100*m - 91965. What is the thousands digit of t?
8
Suppose 24*g + 174026 = 278704 + 237418. What is the thousands digit of g?
4
Suppose r + 17 = 22. Suppose -7*b + 3*b + 1576 = 4*v, -r*b - 3*v = -1972. What is the hundreds digit of b?
3
Let g(t) = 143*t - 22. Let j = 126 - 119. What is the units digit of g(j)?
9
Suppose -y - 2*j = 6 - 3, 0 = 5*y + j - 30. Suppose -5*d + 481 = 2*g, -2*d = -9 + y. What is the units digit of g?
8
Suppose 0 = 5*g - 5*v, 0 = -g - v + 4*v. Suppose -1118*z + 1124*z = -12. What is the hundreds digit of z/7 - g - 40120/(-280)?
1
Let s(d) = 27*d - 30. Suppose 3*p - 3*m = 45, -2*p - 4*m + 66 = 18. Let u be (14 - p) + (0 - (0 + -11)). What is the units digit of s(u)?
9
Let b(i) = i**2 + 2*i + 2. Let t be b(-3). Suppose 2*m + r + 10 = 0, 0 = 4*m - t*r + 6 - 0. Let p = m + 64. What is the tens digit of p?
6
Let a be (-2)/12*120/(-10). Suppose -4*v + 507 = d, 5*d - 2419 = a*v + 72. What is the hundreds digit of d?
4
Let p be -1*(-5 + 3 + 0). Let g = 421 - 268. Suppose g + 9 = p*z. What is the tens digit of z?
8
Let z(d) = 684*d**2 - 18*d - 97. What is the hundreds digit of z(-5)?
0
Let r = -13873 - -20609. What is the units digit of r?
6
Let r(t) = 2*t**2 + 4*t - 1. Let o = -87 + 84. Let d be r(o). Suppose 4*m - 8*m = -s - 388, 2*s + 488 = d*m. What is the tens digit of m?
9
Let c(y) = -2*y**2 - 18*y + 32. Let w be c(-30). Let q = w - -2090. What is the hundreds digit of q?
8
Suppose u + 11 = 10. Let v be (-2)/u*33/(-22). What is the tens digit of ((-134)/(-3))/((-2)/v)?
6
What is the thousands digit of (-135314)/(-4) + (-2455)/(-982)?
3
Let i = 16243 - 10452. What is the tens digit of i?
9
Let n be ((-14)/(-10) + -1)*(-8 + 3). Let v be (45/(-25) - n)*545. Let p = v - -71. What is the units digit of p?
0
Let l = 240 - 111. Suppose u + l = 6*u - m, -3*u + 83 = -2*m. What is the tens digit of u?
2
Suppose 58752 = -9*s + 15*s + 10*s. What is the thousands digit of s?
3
Let t(g) = -3849*g + 622. What is the thousands digit of t(-13)?
0
Suppose 2*g = 3*i - 0*g, -3*g + 3 = -3*i. Suppose 4 + 4 = -i*l. Let q(u) = -u**3 - 2*u**2 + 4*u - 3. What is the units digit of q(l)?
3
What is the tens digit of 8 - (-9425 - (5 - 6))?
3
Let y = -224 - 103. What is the hundreds digit of -4 - -6 - 1*y?
3
Let q = 143 - 103. Suppose -q*z + 35*z + 2185 = 0. What is the hundreds digit of (-11784)/(-38) + (-46)/z?
3
Let d be (1/(-3))/(((-35)/(-84))/5). Let n(f) = -53*f + 39. What is the hundreds digit of n(d)?
2
Suppose -34*x = -x - 330. What is the units digit of (3 - -2) + 6750/x?
0
Let o(p) = -2*p**3 - 31*p**2 + 52*p + 20. Let d be o(-17). Suppose -d*w + 78 = -1506. What is the hundreds digit of w?
5
Suppose -741664 = -63*w - 49*w. What is the hundreds digit of w?
6
Let v = -20 + -25. Let g = 39 + v. What is the units digit of 15 - (g + 3)/1?
8
Let m(i) = 47*i**3 - 2*i**2 - 14*i - 15. What is the units digit of m(5)?
0
Suppose -5*k + 7*k = 1496. Let s = -378 + k. What is the units digit of s?
0
Let z = -12879 - -20511. What is the hundreds digit of z?
6
Let i(o) be the first derivative of 11*o**2/2 - 2*o + 10. Let n be i(-14). Let z = n + 299. What is the hundreds digit of z?
1
Suppose 3*a + u - 9330 = 17477, 35740 = 4*a + 4*u. What is the thousands digit of a?
8
Let a = -96 + 327. What is the units digit of a?
1
Let t(i) = -6*i**3 + i**2 - 13*i + 11497. What is the thousands digit of t(0)?
1
Suppose 0 = -b - q + 16, 2*b + 0*q = -3*q + 27. Let s = b + 36. Let w = s - -40. What is the units digit of w?
7
Suppose -23 - 49 = -9*d. Suppose 101 + 147 = d*y. Suppose 564 = -y*z + 35*z. What is the hundreds digit of z?
1
Suppose -6*j = 2180 + 3268. What is the hundreds digit of 1 + -9 - (-52 + j)?
9
Let z be 3/(-2)*120/(-36). Suppose 0*p - 3 = p, -q = z*p - 140. Let h = q + -84. What is the units digit of h?
1
Suppose 4*h = 4*f - 214820, 5*h = -3*f - 113001 + 274124. What is the ten thousands digit of f?
5
Let p(f) be the first derivative of f**6/45 - f**5/20 + 5*f**4/24 + f**3 - 23. Let g(v) be the third derivative of p(v). What is the hundreds digit of g(5)?
1
Let i = -4551 - -4558. What is the units digit of i?
7
Let t(r) = -16*r + 220. Let b(w) = 25*w - 329. Let f(h) = 5*b(h) + 8*t(h). What is the units digit of f(-30)?
5
Suppose -15*q - 7879 = -2*n - 10*q, 5 = q. What is the units digit of n?
2
Let d(w) be the second derivative of w**4/12 + w**3/3 + 17*w**2 - 22*w. What is the tens digit of d(-18)?
2
Let b(t) = t**3 - 18*t**2 + 23*t - 58. Let i be b(21). Let o = i - 437. What is the tens digit of o?
1
Let g(p) = -p**3 - 103*p**2 + 33*p - 659. What is the thousands digit of g(-104)?
6
Suppose 0 = 6*q + 105 - 2817. Let f = q - 86. What is the units digit of f?
6
Let p be 20*-35*3/(-60). Suppose 41821 + 11274 = p*d. What is the tens digit of d?
1
Let x(o) = o**3 - 11*o**2 + 15*o - 17. Let h be x(10). Let z = h - 25. What is the hundreds digit of 1*-326*(-4)/z?
1
Let o = -307 + 308. What is the tens digit of (-1 - o)/(5 - 3) - -1055?
5
Suppose 8*x = 1289 + 703. Let r(s) = -s**3 - 11*s**2 + 9*s - 9. Let u be r(-11). Let q = x + u. What is the units digit of q?
1
Suppose -y = -5*z - 2*y - 887, 0 = -2*z - 4*y - 344. Let l be 1/(-2)*4*1. What is the units digit of z/(-4)*l/(-1)?
9
Suppose 122*a - 607608 = 93*a. What is the hundreds digit of a?
9
Let y be (2/3)/((-12)/18) + 14. Suppose -y*c - 4242 = -27*c. What is the tens digit of c?
0
Let s = 494 + -16. Suppose -s*u = -472*u - 1656. What is the units digit of u?
6
Suppose 15321*l = 15333*l - 490704. What is the units digit of l?
2
Let n(s) = 304*s**2 - 30*s - 20. What is the units digit of n(5)?
0
Let c(a) = -a**2 + 13*a + 140. Le